{"id":37,"date":"2025-05-02T10:45:54","date_gmt":"2025-05-02T08:45:54","guid":{"rendered":"https:\/\/fjdn.be\/?page_id=37"},"modified":"2025-06-26T16:30:56","modified_gmt":"2025-06-26T14:30:56","slug":"tutelle","status":"publish","type":"page","link":"https:\/\/fjdn.be\/index.php\/tutelle\/","title":{"rendered":"Projet Tutelle"},"content":{"rendered":"\t\t<div data-elementor-type=\"wp-page\" data-elementor-id=\"37\" class=\"elementor elementor-37\">\n\t\t\t\t<div class=\"elementor-element elementor-element-039f2fd e-flex e-con-boxed e-con e-parent\" data-id=\"039f2fd\" data-element_type=\"container\">\n\t\t\t\t\t<div class=\"e-con-inner\">\n\t\t\t\t<div class=\"elementor-element elementor-element-2d6d35a elementor-widget elementor-widget-text-editor\" data-id=\"2d6d35a\" data-element_type=\"widget\" data-widget_type=\"text-editor.default\">\n\t\t\t\t<div class=\"elementor-widget-container\">\n\t\t\t\t\t\t\t\t\t<p>En juillet 2024, une belle opportunit\u00e9 s&rsquo;est pr\u00e9sent\u00e9e pour la Fondation Joseph Denamur lorsque le Cir\u00e9 nous a contact\u00e9s pour un nouveau projet. Il s&rsquo;agit d&rsquo;une initiative du Service des Tutelles du SPF Justice visant \u00e0 augmenter le nombre de tutelles professionnelles d\u00e9di\u00e9es aux Mineurs \u00c9trangers Non Accompagn\u00e9s (MENA).<\/p><p>Conscients de l&rsquo;importance de soutenir ces jeunes, nous avons d\u00e9cid\u00e9 de nous engager pour une ann\u00e9e dans ce projet coordonn\u00e9 par le Cir\u00e9. Quatre organisations ont uni leurs forces pour recruter l&rsquo;\u00e9quivalent de quatre tuteurs \u00e0 temps plein, avec l&rsquo;ambition d&rsquo;accompagner un total de 100 MENA.<\/p><p>Le lancement de ce projet de tutelle s&rsquo;est organis\u00e9 de mani\u00e8re progressive, avec pour objectif de recruter les premiers tuteurs d\u00e8s novembre 2024. Nous sommes heureux de vous informer que la Fondation Joseph Denamur a d&rsquo;ores et d\u00e9j\u00e0 engag\u00e9 une premi\u00e8re travailleuse sociale d\u00e9di\u00e9e \u00e0 cette mission, qui a commenc\u00e9 son travail le 01 avril 2025.<\/p><ul><li>Le tuteur est le repr\u00e9sentant l\u00e9gal du jeune MENA. Il agit toujours en fonction de l\u2019int\u00e9r\u00eat sup\u00e9rieur de l\u2019enfant.<\/li><li>Au quotidien, le tuteur r\u00e9alise les t\u00e2ches suivantes<\/li><li>Accompagner le\/la jeune dans sa proc\u00e9dure de s\u00e9jour (trouver un avocat et faire le suivi)<\/li><li>Garantir un suivi scolaire pour le\/la jeune (inscription \u00e0 l\u2019\u00e9cole, suivi avec l\u2019\u00e9quipe p\u00e9dagogique, r\u00e9unions de parent, recherche de formation\u2026)<\/li><li>Veiller \u00e0 sa sant\u00e9 et s\u2019assurer d\u2019un suivi m\u00e9dical si n\u00e9cessaire.<\/li><li>Veiller \u00e0 ce qu\u2019il\/elle b\u00e9n\u00e9ficie des droits sociaux auxquels il\/elle a droit.<br \/>Le tuteur veille au bien-\u00eatre social de son\/sa pupille et cherche \u00e0 lui offrir un environnement riche notamment en cr\u00e9ant un r\u00e9seau, en lui proposant des activit\u00e9s socio-culturelles et sportives, \u2026<br \/>Il fait \u00e9galement le lien entre les diff\u00e9rents acteurs et institutions qui accompagnent le jeune.<\/li><\/ul>\t\t\t\t\t\t\t\t<\/div>\n\t\t\t\t<\/div>\n\t\t\t\t\t<\/div>\n\t\t\t\t<\/div>\n\t\t\t\t<\/div>\n\t\t","protected":false},"excerpt":{"rendered":"<p>En juillet 2024, une belle opportunit\u00e9 s&rsquo;est pr\u00e9sent\u00e9e pour la Fondation Joseph Denamur lorsque le Cir\u00e9 nous a contact\u00e9s pour un nouveau projet. Il s&rsquo;agit d&rsquo;une initiative du Service des Tutelles du SPF Justice visant \u00e0 augmenter le nombre de tutelles professionnelles d\u00e9di\u00e9es aux Mineurs \u00c9trangers Non Accompagn\u00e9s (MENA). Conscients de l&rsquo;importance de soutenir ces [&hellip;]<\/p>\n","protected":false},"author":1,"featured_media":0,"parent":0,"menu_order":0,"comment_status":"closed","ping_status":"closed","template":"","meta":{"footnotes":""},"class_list":["post-37","page","type-page","status-publish","hentry"],"_links":{"self":[{"href":"https:\/\/fjdn.be\/index.php\/wp-json\/wp\/v2\/pages\/37","targetHints":{"allow":["GET"]}}],"collection":[{"href":"https:\/\/fjdn.be\/index.php\/wp-json\/wp\/v2\/pages"}],"about":[{"href":"https:\/\/fjdn.be\/index.php\/wp-json\/wp\/v2\/types\/page"}],"author":[{"embeddable":true,"href":"https:\/\/fjdn.be\/index.php\/wp-json\/wp\/v2\/users\/1"}],"replies":[{"embeddable":true,"href":"https:\/\/fjdn.be\/index.php\/wp-json\/wp\/v2\/comments?post=37"}],"version-history":[{"count":5,"href":"https:\/\/fjdn.be\/index.php\/wp-json\/wp\/v2\/pages\/37\/revisions"}],"predecessor-version":[{"id":207,"href":"https:\/\/fjdn.be\/index.php\/wp-json\/wp\/v2\/pages\/37\/revisions\/207"}],"wp:attachment":[{"href":"https:\/\/fjdn.be\/index.php\/wp-json\/wp\/v2\/media?parent=37"}],"curies":[{"name":"wp","href":"https:\/\/api.w.org\/{rel}","templated":true}]}}

<div data-elementor-type="wp-page" data-elementor-id="37" class="elementor elementor-37">
				<div class="elementor-element elementor-element-039f2fd e-flex e-con-boxed e-con e-parent" data-id="039f2fd" data-element_type="container">
					<div class="e-con-inner">
				<div class="elementor-element elementor-element-2d6d35a elementor-widget elementor-widget-text-editor" data-id="2d6d35a" data-element_type="widget" data-widget_type="text-editor.default">
				<div class="elementor-widget-container">
									<p>En juillet 2024, une belle opportunité s&rsquo;est présentée pour la Fondation Joseph Denamur lorsque le Ciré nous a contactés pour un nouveau projet. Il s&rsquo;agit d&rsquo;une initiative du Service des Tutelles du SPF Justice visant à augmenter le nombre de tutelles professionnelles dédiées aux Mineurs Étrangers Non Accompagnés (MENA).</p><p>Conscients de l&rsquo;importance de soutenir ces jeunes, nous avons décidé de nous engager pour une année dans ce projet coordonné par le Ciré. Quatre organisations ont uni leurs forces pour recruter l&rsquo;équivalent de quatre tuteurs à temps plein, avec l&rsquo;ambition d&rsquo;accompagner un total de 100 MENA.</p><p>Le lancement de ce projet de tutelle s&rsquo;est organisé de manière progressive, avec pour objectif de recruter les premiers tuteurs dès novembre 2024. Nous sommes heureux de vous informer que la Fondation Joseph Denamur a d&rsquo;ores et déjà engagé une première travailleuse sociale dédiée à cette mission, qui a commencé son travail le 01 avril 2025.</p><ul><li>Le tuteur est le représentant légal du jeune MENA. Il agit toujours en fonction de l’intérêt supérieur de l’enfant.</li><li>Au quotidien, le tuteur réalise les tâches suivantes</li><li>Accompagner le/la jeune dans sa procédure de séjour (trouver un avocat et faire le suivi)</li><li>Garantir un suivi scolaire pour le/la jeune (inscription à l’école, suivi avec l’équipe pédagogique, réunions de parent, recherche de formation…)</li><li>Veiller à sa santé et s’assurer d’un suivi médical si nécessaire.</li><li>Veiller à ce qu’il/elle bénéficie des droits sociaux auxquels il/elle a droit.<br />Le tuteur veille au bien-être social de son/sa pupille et cherche à lui offrir un environnement riche notamment en créant un réseau, en lui proposant des activités socio-culturelles et sportives, …<br />Il fait également le lien entre les différents acteurs et institutions qui accompagnent le jeune.</li></ul>								</div>
				</div>
					</div>
				</div>
				</div>

<p>En juillet 2024, une belle opportunité s&rsquo;est présentée pour la Fondation Joseph Denamur lorsque le Ciré nous a contactés pour un nouveau projet. Il s&rsquo;agit d&rsquo;une initiative du Service des Tutelles du SPF Justice visant à augmenter le nombre de tutelles professionnelles dédiées aux Mineurs Étrangers Non Accompagnés (MENA). Conscients de l&rsquo;importance de soutenir ces [&hellip;]</p>
