{"id":22,"date":"2025-05-02T10:34:15","date_gmt":"2025-05-02T08:34:15","guid":{"rendered":"https:\/\/fjdn.be\/?page_id=22"},"modified":"2025-06-13T10:57:04","modified_gmt":"2025-06-13T08:57:04","slug":"historique","status":"publish","type":"page","link":"https:\/\/fjdn.be\/index.php\/historique\/","title":{"rendered":"Historique"},"content":{"rendered":"\t\t<div data-elementor-type=\"wp-page\" data-elementor-id=\"22\" class=\"elementor elementor-22\">\n\t\t\t\t<div class=\"elementor-element elementor-element-a8f0759 e-flex e-con-boxed e-con e-parent\" data-id=\"a8f0759\" data-element_type=\"container\">\n\t\t\t\t\t<div class=\"e-con-inner\">\n\t\t\t\t<div class=\"elementor-element elementor-element-8259184 elementor-position-left elementor-vertical-align-middle elementor-widget elementor-widget-image-box\" data-id=\"8259184\" data-element_type=\"widget\" data-widget_type=\"image-box.default\">\n\t\t\t\t<div class=\"elementor-widget-container\">\n\t\t\t\t\t<div class=\"elementor-image-box-wrapper\"><figure class=\"elementor-image-box-img\"><img decoding=\"async\" src=\"https:\/\/fjdn.be\/wp-content\/plugins\/elementor\/assets\/images\/placeholder.png\" title=\"\" alt=\"\" loading=\"lazy\" \/><\/figure><div class=\"elementor-image-box-content\"><h3 class=\"elementor-image-box-title\">Fondation Joseph Denamur<\/h3><p class=\"elementor-image-box-description\">L'histoire de la Fondation Joseph Denamur d\u00e9bute avec le souhait de Monsieur Joseph Denamur de cr\u00e9er un orphelinat pour gar\u00e7ons : l\u2019\u00ab Orphelinat Saint Joseph - Fondation Joseph Denamur \u00bb.<\/p><\/div><\/div>\t\t\t\t<\/div>\n\t\t\t\t<\/div>\n\t\t\t\t\t<\/div>\n\t\t\t\t<\/div>\n\t\t<div class=\"elementor-element elementor-element-583a4e6 e-flex e-con-boxed e-con e-parent\" data-id=\"583a4e6\" data-element_type=\"container\">\n\t\t\t\t\t<div class=\"e-con-inner\">\n\t\t\t\t<div class=\"elementor-element elementor-element-eaed539 elementor-widget elementor-widget-text-editor\" data-id=\"eaed539\" data-element_type=\"widget\" data-widget_type=\"text-editor.default\">\n\t\t\t\t<div class=\"elementor-widget-container\">\n\t\t\t\t\t\t\t\t\t<h2 style=\"font-weight: 400;\"><strong>Des d\u00e9buts d\u00e9di\u00e9s aux orphelins<\/strong><\/h2><p style=\"font-weight: 400;\">Institu\u00e9 par la <strong>Loi du 30 ao\u00fbt 1913<\/strong>, l&rsquo;orphelinat avait une mission claire : \u00ab l&rsquo;entretien et l&rsquo;\u00e9ducation \u00bb des orphelins m\u00e2les indigents. Initialement, il s&rsquo;agissait des enfants d&rsquo;agents subalternes de l&rsquo;\u00c9tat, ainsi que ceux de la province de Namur et du canton de Perwez (Brabant).<\/p><h2 style=\"font-weight: 400;\"><strong>Une \u00e9volution pour r\u00e9pondre aux nouveaux besoins<\/strong><\/h2><p>Au fil du temps, les activit\u00e9s de la Fondation et son public ont \u00e9volu\u00e9. Pour r\u00e9pondre \u00e0 ces nouveaux besoins, la Fondation a cr\u00e9\u00e9 deux <strong>Services d\u2019Aide et d\u2019Intervention \u00c9ducative (SAIE)<\/strong> : <strong>Le Sampan<\/strong> et <strong>Le Traversier<\/strong>.<\/p><p>Cependant, faire agr\u00e9er ces deux services \u00e9tait complexe en raison d&rsquo;une loi de 1913 devenue obsol\u00e8te. Modifier une loi \u00e9tant un processus difficile, d&rsquo;autant plus avec le transfert de comp\u00e9tences survenu entre 1913 et 2006, une solution alternative a \u00e9t\u00e9 trouv\u00e9e.<\/p><p>Afin d&rsquo;obtenir l&rsquo;agr\u00e9ment de la Communaut\u00e9 fran\u00e7aise pour Le Sampan et Le Traversier, et face \u00e0 la difficult\u00e9 de modifier la loi de 1913 par d\u00e9cret, il a \u00e9t\u00e9 d\u00e9cid\u00e9 de cr\u00e9er deux ASBL distinctes. C&rsquo;est ainsi que la Fondation et le CPAS de Gembloux ont fond\u00e9 une association Chapitre XIII, d\u00e9nomm\u00e9e <strong>\u00ab\u00a0Association Chapitre XIII Joseph Denamur\u00a0\u00bb<\/strong>, dot\u00e9e de ses propres statuts.<\/p><p style=\"font-weight: 400;\">Cette nouvelle entit\u00e9 a \u00e9t\u00e9 cr\u00e9\u00e9e pour accueillir les <strong>Mineurs \u00c9trangers Non Accompagn\u00e9s (MENA)<\/strong> \u00e2g\u00e9s de 6 \u00e0 18 ans. Les deux SAIE ont, quant \u00e0 eux, pris leur autonomie en devenant deux ASBL distinctes, l&rsquo;une \u00e0 Namur et l&rsquo;autre \u00e0 Nivelles.<\/p><p style=\"font-weight: 400;\">Pendant plusieurs ann\u00e9es, la FJDN est rest\u00e9e sans activit\u00e9 propre. Il \u00e9tait n\u00e9cessaire de modifier la Loi de 1913, devenue obsol\u00e8te. C&rsquo;est chose faite fin 2019, avec le <strong>D\u00e9cret du 14 novembre 2019<\/strong>. Ce d\u00e9cret a permis d&rsquo;actualiser la mission et la composition de son conseil d&rsquo;administration.<\/p><h2 style=\"font-weight: 400;\"><strong>Quatre missions au c\u0153ur de l&rsquo;insertion sociale des jeunes adultes<\/strong><\/h2><p style=\"font-weight: 400;\">Aujourd&rsquo;hui, la Fondation Joseph Denamur s&rsquo;engage pleinement dans l&rsquo;<strong>insertion sociale des jeunes adultes en difficult\u00e9s multiples<\/strong>, en vue de les pr\u00e9parer \u00e0 leur autonomie. Cette mission s&rsquo;articule autour de quatre axes cl\u00e9s :<\/p><ul style=\"font-weight: 400;\"><li><strong>L&rsquo;accompagnement des MENA avec le Chapitre XIII Joseph Denamur<\/strong> : En collaboration avec les CPAS de Gembloux et de Namur, la Fondation g\u00e8re l&rsquo;AJDN. Deux structures accueillent et accompagnent les MENA : le centre El Paso (phase 2 de l&rsquo;accueil) et deux ILA (Initiatives Locales d&rsquo;Accueil) \u00e0 Gembloux et Namur (phase 3 de l&rsquo;accueil).<\/li><li><strong>La coordination de la cellule \u00ab\u00a0Concertation\u00a0\u00bb<\/strong> : Ce projet vise \u00e0 accompagner les institutions en charge des MENA et ex-MENA pour leur devenir \u00e0 l&rsquo;\u00e2ge adulte. <a href=\"https:\/\/fjdn.be\/index.php\/concertation\/\">En savoir plus sur le projet Concertation cliquez Ici<\/a><\/li><li><strong>L&rsquo;accompagnement des Demandeurs de Protection Internationale (DPI)<\/strong> : En collaboration avec le Cir\u00e9 et Fedasil, ce projet accueille les demandeurs de protection internationale ayant des besoins sp\u00e9cifiques. <a href=\"https:\/\/fjdn.be\/index.php\/projet-cire\/\">D\u00e9couvrir le projet CIR\u00e9 cliquez ici<\/a>\u00a0<\/li><li><strong>Le projet \u00ab\u00a0Tutelle\u00a0\u00bb<\/strong> : En partenariat avec le service Tutelle du SPF Justice, ce projet assure l&rsquo;accueil, l&rsquo;accompagnement et la repr\u00e9sentation des MENA. <a href=\"https:\/\/fjdn.be\/index.php\/tutelle\/\">Plus de d\u00e9tails, sur le projet Tutelle cliquez ici<\/a><\/li><\/ul><p style=\"font-weight: 400;\">En constante \u00e9volution, la Fondation Joseph Denamur reste fid\u00e8le \u00e0 ses valeurs fondatrices<\/p>\t\t\t\t\t\t\t\t<\/div>\n\t\t\t\t<\/div>\n\t\t\t\t\t<\/div>\n\t\t\t\t<\/div>\n\t\t\t\t<\/div>\n\t\t","protected":false},"excerpt":{"rendered":"<p>Fondation Joseph Denamur L&rsquo;histoire de la Fondation Joseph Denamur d\u00e9bute avec le souhait de Monsieur Joseph Denamur de cr\u00e9er un orphelinat pour gar\u00e7ons : l\u2019\u00ab Orphelinat Saint Joseph &#8211; Fondation Joseph Denamur \u00bb. Des d\u00e9buts d\u00e9di\u00e9s aux orphelins Institu\u00e9 par la Loi du 30 ao\u00fbt 1913, l&rsquo;orphelinat avait une mission claire : \u00ab l&rsquo;entretien et [&hellip;]<\/p>\n","protected":false},"author":1,"featured_media":0,"parent":0,"menu_order":0,"comment_status":"closed","ping_status":"closed","template":"","meta":{"footnotes":""},"class_list":["post-22","page","type-page","status-publish","hentry"],"_links":{"self":[{"href":"https:\/\/fjdn.be\/index.php\/wp-json\/wp\/v2\/pages\/22","targetHints":{"allow":["GET"]}}],"collection":[{"href":"https:\/\/fjdn.be\/index.php\/wp-json\/wp\/v2\/pages"}],"about":[{"href":"https:\/\/fjdn.be\/index.php\/wp-json\/wp\/v2\/types\/page"}],"author":[{"embeddable":true,"href":"https:\/\/fjdn.be\/index.php\/wp-json\/wp\/v2\/users\/1"}],"replies":[{"embeddable":true,"href":"https:\/\/fjdn.be\/index.php\/wp-json\/wp\/v2\/comments?post=22"}],"version-history":[{"count":19,"href":"https:\/\/fjdn.be\/index.php\/wp-json\/wp\/v2\/pages\/22\/revisions"}],"predecessor-version":[{"id":138,"href":"https:\/\/fjdn.be\/index.php\/wp-json\/wp\/v2\/pages\/22\/revisions\/138"}],"wp:attachment":[{"href":"https:\/\/fjdn.be\/index.php\/wp-json\/wp\/v2\/media?parent=22"}],"curies":[{"name":"wp","href":"https:\/\/api.w.org\/{rel}","templated":true}]}}

<div data-elementor-type="wp-page" data-elementor-id="22" class="elementor elementor-22">
				<div class="elementor-element elementor-element-a8f0759 e-flex e-con-boxed e-con e-parent" data-id="a8f0759" data-element_type="container">
					<div class="e-con-inner">
				<div class="elementor-element elementor-element-8259184 elementor-position-left elementor-vertical-align-middle elementor-widget elementor-widget-image-box" data-id="8259184" data-element_type="widget" data-widget_type="image-box.default">
				<div class="elementor-widget-container">
					<div class="elementor-image-box-wrapper"><figure class="elementor-image-box-img"><img decoding="async" src="https://fjdn.be/wp-content/plugins/elementor/assets/images/placeholder.png" title="" alt="" loading="lazy" /></figure><div class="elementor-image-box-content"><h3 class="elementor-image-box-title">Fondation Joseph Denamur</h3><p class="elementor-image-box-description">L'histoire de la Fondation Joseph Denamur débute avec le souhait de Monsieur Joseph Denamur de créer un orphelinat pour garçons : l’« Orphelinat Saint Joseph - Fondation Joseph Denamur ».</p></div></div>				</div>
				</div>
					</div>
				</div>
		<div class="elementor-element elementor-element-583a4e6 e-flex e-con-boxed e-con e-parent" data-id="583a4e6" data-element_type="container">
					<div class="e-con-inner">
				<div class="elementor-element elementor-element-eaed539 elementor-widget elementor-widget-text-editor" data-id="eaed539" data-element_type="widget" data-widget_type="text-editor.default">
				<div class="elementor-widget-container">
									<h2 style="font-weight: 400;"><strong>Des débuts dédiés aux orphelins</strong></h2><p style="font-weight: 400;">Institué par la <strong>Loi du 30 août 1913</strong>, l&rsquo;orphelinat avait une mission claire : « l&rsquo;entretien et l&rsquo;éducation » des orphelins mâles indigents. Initialement, il s&rsquo;agissait des enfants d&rsquo;agents subalternes de l&rsquo;État, ainsi que ceux de la province de Namur et du canton de Perwez (Brabant).</p><h2 style="font-weight: 400;"><strong>Une évolution pour répondre aux nouveaux besoins</strong></h2><p>Au fil du temps, les activités de la Fondation et son public ont évolué. Pour répondre à ces nouveaux besoins, la Fondation a créé deux <strong>Services d’Aide et d’Intervention Éducative (SAIE)</strong> : <strong>Le Sampan</strong> et <strong>Le Traversier</strong>.</p><p>Cependant, faire agréer ces deux services était complexe en raison d&rsquo;une loi de 1913 devenue obsolète. Modifier une loi étant un processus difficile, d&rsquo;autant plus avec le transfert de compétences survenu entre 1913 et 2006, une solution alternative a été trouvée.</p><p>Afin d&rsquo;obtenir l&rsquo;agrément de la Communauté française pour Le Sampan et Le Traversier, et face à la difficulté de modifier la loi de 1913 par décret, il a été décidé de créer deux ASBL distinctes. C&rsquo;est ainsi que la Fondation et le CPAS de Gembloux ont fondé une association Chapitre XIII, dénommée <strong>« Association Chapitre XIII Joseph Denamur »</strong>, dotée de ses propres statuts.</p><p style="font-weight: 400;">Cette nouvelle entité a été créée pour accueillir les <strong>Mineurs Étrangers Non Accompagnés (MENA)</strong> âgés de 6 à 18 ans. Les deux SAIE ont, quant à eux, pris leur autonomie en devenant deux ASBL distinctes, l&rsquo;une à Namur et l&rsquo;autre à Nivelles.</p><p style="font-weight: 400;">Pendant plusieurs années, la FJDN est restée sans activité propre. Il était nécessaire de modifier la Loi de 1913, devenue obsolète. C&rsquo;est chose faite fin 2019, avec le <strong>Décret du 14 novembre 2019</strong>. Ce décret a permis d&rsquo;actualiser la mission et la composition de son conseil d&rsquo;administration.</p><h2 style="font-weight: 400;"><strong>Quatre missions au cœur de l&rsquo;insertion sociale des jeunes adultes</strong></h2><p style="font-weight: 400;">Aujourd&rsquo;hui, la Fondation Joseph Denamur s&rsquo;engage pleinement dans l&rsquo;<strong>insertion sociale des jeunes adultes en difficultés multiples</strong>, en vue de les préparer à leur autonomie. Cette mission s&rsquo;articule autour de quatre axes clés :</p><ul style="font-weight: 400;"><li><strong>L&rsquo;accompagnement des MENA avec le Chapitre XIII Joseph Denamur</strong> : En collaboration avec les CPAS de Gembloux et de Namur, la Fondation gère l&rsquo;AJDN. Deux structures accueillent et accompagnent les MENA : le centre El Paso (phase 2 de l&rsquo;accueil) et deux ILA (Initiatives Locales d&rsquo;Accueil) à Gembloux et Namur (phase 3 de l&rsquo;accueil).</li><li><strong>La coordination de la cellule « Concertation »</strong> : Ce projet vise à accompagner les institutions en charge des MENA et ex-MENA pour leur devenir à l&rsquo;âge adulte. <a href="https://fjdn.be/index.php/concertation/">En savoir plus sur le projet Concertation cliquez Ici</a></li><li><strong>L&rsquo;accompagnement des Demandeurs de Protection Internationale (DPI)</strong> : En collaboration avec le Ciré et Fedasil, ce projet accueille les demandeurs de protection internationale ayant des besoins spécifiques. <a href="https://fjdn.be/index.php/projet-cire/">Découvrir le projet CIRé cliquez ici</a> </li><li><strong>Le projet « Tutelle »</strong> : En partenariat avec le service Tutelle du SPF Justice, ce projet assure l&rsquo;accueil, l&rsquo;accompagnement et la représentation des MENA. <a href="https://fjdn.be/index.php/tutelle/">Plus de détails, sur le projet Tutelle cliquez ici</a></li></ul><p style="font-weight: 400;">En constante évolution, la Fondation Joseph Denamur reste fidèle à ses valeurs fondatrices</p>								</div>
				</div>
					</div>
				</div>
				</div>

<p>Fondation Joseph Denamur L&rsquo;histoire de la Fondation Joseph Denamur débute avec le souhait de Monsieur Joseph Denamur de créer un orphelinat pour garçons : l’« Orphelinat Saint Joseph &#8211; Fondation Joseph Denamur ». Des débuts dédiés aux orphelins Institué par la Loi du 30 août 1913, l&rsquo;orphelinat avait une mission claire : « l&rsquo;entretien et [&hellip;]</p>
